 the tens digit of s*15/(-6)*552/60?
4
Let t = 7070 - -10612. What is the thousands digit of t?
7
Let i be 0/(4/((-16)/(-12)) + 0). Suppose i = 5*y - 2*k - 1960, -3*y - 2*k + 1021 = -171. What is the units digit of y?
4
Let z(w) = 4092*w**2 + 51*w + 25. What is the units digit of z(-2)?
1
Suppose -10*i + 5*i - 4*g = -108932, g + 261405 = 12*i. What is the thousands digit of i?
1
Suppose 4*t - t - 157 = -4*n, 106 = 2*t + 3*n. Suppose 13*u = t + 1695. What is the units digit of u?
4
Suppose -z - 5*c + 37 = 131, 101 = -z + 2*c. Let d = z + 54. What is the tens digit of (390/d)/(1/(-3))?
2
Let o(m) = -4*m**2 - 15*m - 977 + 1025 + 2*m**2 + 2*m**2 + 2*m**2. What is the tens digit of o(21)?
1
Let o be (10/20)/(2/2564). Let g = o + -90. What is the tens digit of g?
5
Let x(f) = 3*f**2 + 127*f - 284. What is the tens digit of x(-50)?
6
Suppose -5*z = -0*v - 3*v + 3, 29 = -3*z - 5*v. Let u(q) = 21*q**2 + 14*q + 39. What is the hundreds digit of u(z)?
1
Let t(f) = 733*f**2 + 280*f - 1940. What is the units digit of t(7)?
7
Let q be 31 - 6*2/(-3). Suppose -w + q = 5*f, -w + 7 + 7 = 2*f. Let a(o) = -o**2 + 9*o. What is the units digit of a(f)?
4
Suppose -5*k + 12 = -2*k. Let w be k/24 + 34/12. Suppose 2*n + 0*n + b = 144, 0 = -w*b. What is the units digit of n?
2
What is the thousands digit of 9868706/212 - -1*(-10)/4?
6
Let m = 10098 + -982. What is the hundreds digit of m?
1
What is the ten thousands digit of (40339 - 60) + (7 - 11)?
4
Let j(v) = v**2 - 29*v + 60. Let p be j(27). Suppose -1798 = -5*q + r, 7*r = 10*r - p. What is the units digit of q?
0
Let q(h) be the first derivative of 2*h**2 + 1/3*h**3 - 14*h + 20. What is the units digit of q(-10)?
6
Let f(u) = 3*u + 66. Let y be 79/(-5) - (-8)/10. Let i = -15 - y. What is the tens digit of f(i)?
6
Suppose -19 = 3*c - 49. Suppose 1674 - 394 = c*l. What is the tens digit of l?
2
Let q = 160417 + -109367. What is the tens digit of q?
5
Suppose 0 = 5*u - 2*k - 3691 - 13692, 2*u - 6957 = -3*k. What is the hundreds digit of u?
4
Suppose 0 = -8*o + 4*o - 8, 4*a - 4438 = -o. Suppose a = 50*w - 45*w. What is the tens digit of w?
2
Suppose -50*h + 46*h = -211868. What is the thousands digit of h?
2
Suppose 0 = t - 587*w + 589*w - 50182, 2*t = 3*w + 100357. What is the hundreds digit of t?
1
Let c = 15977 + 13230. What is the units digit of c?
7
Suppose 14032 = 2*w + 2*y - 7778, 0 = 2*w - 2*y - 21806. What is the thousands digit of w?
0
Let v = -7670 - -14809. What is the units digit of v?
9
Suppose 72*o + 155673 = 79*o. What is the hundreds digit of o?
2
Suppose 4*k + 20*a + 1350 = 18*a, k + 3*a = -345. Let m = k + 1877. What is the tens digit of m?
4
Let t be 3 + (0 - (-1)/(-1)). Suppose l + 5*v - v = 39, l + t*v = 29. What is the units digit of (-614)/(-14) - l/(-133)?
4
Let l be ((-12)/14)/(-5*(-7)/(-61495)). Suppose 8*r - 1118 = l. What is the units digit of r?
8
Suppose x - 2176 = -q - 3*q, -5*q + x = -2729. Let i = -228 + q. What is the tens digit of i?
1
Suppose 2*m = -m. Suppose 3*p + 5 = 4*p. Suppose m = -p*v + 8*v - 54. What is the tens digit of v?
1
Let q(z) = -4618*z - 4135. What is the ten thousands digit of q(-5)?
1
Suppose -3179 = 11*v + 2574. Let i = -147 - v. What is the hundreds digit of i?
3
Suppose -4*z + 5*b = 132, 3*b = -2*z - b - 66. Let u = 28 - z. What is the units digit of u?
1
Let l(y) = y**3 + 19*y**2 - 42*y - 7. Let p(w) = -4*w - 56. Let g be p(-9). What is the hundreds digit of l(g)?
4
Suppose 4*h - 3*v = 358 + 442, -h + 5*v + 200 = 0. Suppose 0 = -3*u + h + 109. Let g = u - 29. What is the units digit of g?
4
Suppose 0 = -8*a + 21 + 3. Suppose -2*d - a = 1. What is the tens digit of (2 - (1 + d)) + (-24)/(-3)?
1
Let m(o) = 15*o**2 + 45*o - 87. Let k be m(16). Suppose 3447 + k = 20*p. What is the units digit of p?
6
Let y be (4 + 2)/(12/128). Let t = y - 45. What is the units digit of (t/(-3))/(4/(-60))?
5
Suppose 6635 = 2*z - 3*q, 0 = -q + 75 - 76. What is the thousands digit of z?
3
Suppose 4*z + 3*x = 10058, -x = 3*z - 5*x - 7581. What is the hundreds digit of z?
5
Let h be 4/(-14)*35/(-5). Suppose -h*a - 3*j = 2*a - 1679, 5*a = 3*j + 2119. What is the tens digit of a?
2
What is the hundreds digit of ((-9)/(-5))/((-9)/(-58620))?
7
Let g be (7569 + 1)*(-47)/(-94). Suppose g = 5*u - 0*u. What is the tens digit of u?
5
Let w(b) = b + 5. Let j be w(5). Suppose 3*x = 2*r + 13, -4*r - 21 = 104*x - 109*x. What is the units digit of j/(-3)*2/x*-66?
8
Let a(h) = -h**2 - 13*h + 21. Let d be a(-13). Let l = 1 + d. Suppose l = 5*q - 418. What is the units digit of q?
8
What is the thousands digit of (-3523 - (6 + 2 - 1))*(-42)/10?
4
Let b(t) = t**2 - t - 262. Let o be b(-27). Let n(f) = 6*f**2 - 10*f + 10. Let m be n(8). Let h = o - m. What is the tens digit of h?
8
Let b(l) = -l**3 + 3*l**2 - 3*l. Let w be b(2). Let z be (-3)/w*(-80)/(-30). Suppose c - 11 - 48 = -p, z*c = -3*p + 172. What is the tens digit of p?
6
Suppose 3*o = 2*z - 6248 - 3956, 0 = -2*z + 22*o + 10280. What is the hundreds digit of z?
0
Let b(h) be the second derivative of -37*h**3/6 - 79*h**2/2 - 10*h - 5. What is the tens digit of b(-5)?
0
Let q(m) = m**3 - 5*m - 6 + 34*m**2 - 4*m + 96*m + 0*m**3. What is the hundreds digit of q(-30)?
9
Let i(r) = -2*r**2 - 20*r - 13. Let l be i(-9). Let y be (206/(-5))/(l/(-50)). Suppose 4 = 3*k - 4*k, -4*k + y = 4*p. What is the tens digit of p?
0
Suppose 0 = -i - 1, -203*i - 14945 = -4*v - 206*i. What is the hundreds digit of v?
7
Suppose -3*f + 6*f = 4*d + 396, 4*f = 0. What is the tens digit of (4671/d - (-2)/11)*-6?
8
Suppose -c + 2 = j, 3*j - 12 = 4*c + 22. Suppose 6*k - j = 9*k, -4*o + 3*k = -1842. What is the hundreds digit of o?
4
Suppose 0 = -406*u + 6868611 - 1660849. What is the ten thousands digit of u?
1
Let b(g) = 2*g - 42. Let w be b(20). What is the units digit of 2/(-5) + w/((-20)/434)?
3
Let j(k) = k - 9. Let a be j(16). Suppose 0 = 3*t + 2*t - 5*h - 20, -h - a = -2*t. Suppose -10*p = t*p - 299. What is the tens digit of p?
2
Let t = -233 - 140. Suppose 15*k + 1584 = 18*k. Let u = t + k. What is the units digit of u?
5
Suppose 4*r + 59860 = 3*h - 21674, 4*h = -r + 108750. What is the ten thousands digit of h?
2
Let y = 54 + -51. Suppose -y*i = 6*i + 27. What is the hundreds digit of 252 - (i - -3)/5?
2
Let w(r) = 544*r**2 + 8*r + 10. Let u be w(-2). Suppose -15*l - u = -20*l. What is the units digit of l?
4
Suppose -46*v = -36*v - 43050. Suppose -142*f = -145*f + v. What is the units digit of f?
5
What is the thousands digit of 460/(-23) - -4886 - -1*5?
4
Suppose -3*k - 3*n - 8644 = -39859, -31265 = -3*k + 7*n. What is the hundreds digit of k?
4
Let b(j) be the first derivative of 32 + 1/2*j**2 + 50*j. What is the units digit of b(28)?
8
Let b = -115 - -13. Let c = b - -128. Let q(n) = n**3 - 26*n**2 + 5*n - 11. What is the tens digit of q(c)?
1
Suppose 734*y = 757*y - 430859. What is the ten thousands digit of y?
1
Let k be ((-2)/2)/((-8)/(-72)). What is the tens digit of k/((-9)/(-2)) - -85?
8
Let f(z) be the third derivative of -z**6/60 - z**5/30 + 7*z**4/24 - 2*z**3 + 2*z**2 - 38. What is the hundreds digit of f(-5)?
1
What is the ten thousands digit of 1*((-315152)/(-10) - -1*6/(-30))?
3
What is the units digit of (4 + (-1632)/(-84))/(3/3171)?
4
Suppose -309*x + 323*x = 355208. What is the ten thousands digit of x?
2
Suppose 13*j = 17*j + 1436. Let p = j - -477. What is the units digit of p?
8
Let s(l) = 3*l - 11. Let a be s(5). Suppose -a*o = -53 - 79. Let u = o + 70. What is the hundreds digit of u?
1
Let w(x) = 2*x**2 + 4*x - 11. Let u be w(-4). Let z = 14 + -9. Suppose -2*g - 3*p = -z*p - 130, u*g = p + 329. What is the units digit of g?
6
Let r(k) = -2. Let m(g) = -46*g - 9. Let b(v) = -2*m(v) + 2*r(v). What is the tens digit of b(7)?
5
Suppose 549 = 16*x - 19*x. Let v = 665 + x. What is the units digit of v?
2
Let t(w) = -85*w + 154. Let d be t(-4). Let b = d + -129. What is the tens digit of b?
6
Suppose 405*a = 402*a - 15. What is the hundreds digit of (-4984)/(-11) - (a - (-224)/44)?
4
Let d be (-32)/(-4) - 3 - -3. Suppose 5*p - d*p = -297. Let r = 230 - p. What is the hundreds digit of r?
1
Let o be (-457)/(-17) + 6 + 1200/(-204). Suppose -3*i + 690 = -3*x, -26*i - 5*x = -o*i + 210. What is the hundreds digit of i?
2
Let d be -1 - ((-8)/2 - 2).